2
Let u(b) = -2*b**2 + 2*b - 2. Suppose 13*c - 18*c + 5 = 0. Calculate u(c).
-2
Suppose -4*z = -14 - 2. Let p(c) = -c - 4. Give p(z).
-8
Let o = -31 + 47. Suppose a + 5*q + 8 = -2*a, -3*a = q + o. Let b(x) = -x**2 - 7*x - 4. Calculate b(a).
2
Suppose -2*n + 7 = 5*z, 4*z - 2*n = 5 - 3. Let o(c) = -2*c + c - c**2 - z + 5*c - c**3 - c. Determine o(2).
-7
Let i(v) = -5*v + 1. Let a be i(1). Let l(f) = f - 8. Let p(b) = -1. Let t(r) = -2*l(r) + 22*p(r). Determine t(a).
2
Let s(a) = -13*a**2 - 27*a - 17. Let n(r) = -3*r**2 - 7*r - 4. Let u(o) = 9*n(o) - 2*s(o). Determine u(-6).
16
Let i(h) = -h**2 + 8*h - 5. Let b be (-484)/(-77) + 2/(-7). Give i(b).
7
Let n = 3 - -1. Let q(k) be the third derivative of -k**7/5040 + k**6/180 + k**5/60 + k**2. Let s(i) be the third derivative of q(i). What is s(n)?
0
Suppose 0 = l - 3*l + 12. Suppose l*n - 11*n = -25. Let v(h) = h**2 - 5*h - 5. Determine v(n).
-5
Let p(r) = 349*r - 175*r - 175*r. Calculate p(-4).
4
Let o = 14 - 12. Let h(f) = -2*f**2 + f + 0*f**2 - 3 + 3*f. Give h(o).
-3
Let q(u) = 7*u - 9. Let p(f) = -3*f + 4. Let y(z) = 5*p(z) + 2*q(z). Calculate y(7).
-5
Suppose 0 = 2*l - 6*l + 2*q + 2, -5*q = -3*l + 12. Let f(a) = 10*a**3 - 2*a**2 - a. What is f(l)?
-11
Suppose b + 6 = 2*q + 3*q, -2*b - 6 = -4*q. Let j(g) = q + g**2 - 1 - 3. What is j(-3)?
6
Let a be (-50)/(-18) - (-2)/9. Let i(m) = 2*m**3 + m**2 + 3*m. Let v(z) = -3*z**3 - 2*z**2 - 6*z. Let r = 6 - 1. Let u(f) = a*v(f) + r*i(f). What is u(3)?
9
Let i(u) = -u**3 - u**2 + u - 2. Suppose -3*l = -1 - 11. Let o = -7 + l. What is i(o)?
13
Let y(h) = -h**3 - h**2 + h + 8. Suppose 0*q - 4 = -q. Let a(s) = -q*s + 3 + 2*s + 3*s. Let w be a(-3). What is y(w)?
8
Let g(a) = a. Let f(c) = -c + 1. Suppose -2*o + 0*o + 32 = 0. Let d = o - 10. Let r be f(d). What is g(r)?
-5
Let h(z) = -z - 2. Let d(b) = -b - 9. Let l(p) = -2*p + 5. Let x be l(6). Let t be d(x). Calculate h(t).
0
Let p(z) be the first derivative of z**2 + 4*z + 6. Let w = 12 - 17. Calculate p(w).
-6
Let h(y) be the third derivative of y**6/60 - y**5/12 + y**4/12 + y**3/3 - 19*y**2. Give h(3).
17
Let u be ((-12)/(-3) + -1)*1. Suppose 1 = 2*a - u. Suppose -a*s = 5 - 1. Let w(x) = x**2 + x. What is w(s)?
2
Let v(b) = -b + 6. Suppose 0 = -i + 18 - 2. Suppose 2*r - 4 + i = 0. Give v(r).
12
Let m(g) = -g**3 + 5*g**2 - g + 1. Let o be m(5). Let n = o + -1. Let a(f) = -f**2 - 6*f + 1. Give a(n).
6
Let h(q) = q**2 + 2*q + 7. Let i(n) = n**2 + 3*n + 6. Let z(u) = 4*h(u) - 5*i(u). Let k = -49 + 44. Determine z(k).
8
Let k(d) = -4*d**2 - 14*d + 12. Let p(z) = -5*z**2 - 15*z + 13. Let w(m) = -6*k(m) + 5*p(m). Determine w(7).
7
Let c(b) = -b**2 + 2*b + 2. Let u be c(2). Let f(v) = v**u - 3 + 2 + 5*v - v + 5. Determine f(-4).
4
Let y(t) = t**2 + 7*t + 3. Let c = -9 + 33. Suppose c = -f - 3*f. Determine y(f).
-3
Let m(p) = p**2 - 4. Let b be m(-3). Let z(r) = -5*r**2 - 15*r - 7. Let f(s) = 3*s**2 + 8*s + 3. Suppose 0 = v + 3 + 4. Let c(a) = v*f(a) - 4*z(a). Give c(b).
2
Let p(j) be the first derivative of j**3 + 1/2*j**2 + 1/4*j**4 - 1 - j. Suppose -2*y - 14 = -2*u + 2*y, -u - y = 8. Calculate p(u).
-4
Let c(d) = -8*d + 1. Suppose -4*q + 2*q + 2 = 0. Suppose -i = -1 - q. Let t = 1 - i. What is c(t)?
9
Let y(o) = 2*o**2 + 10*o - 2. Let r(k) = k**2 + 5*k - 1. Let c(u) = -5*r(u) + 3*y(u). Give c(-5).
-1
Suppose 4*g + 60 = 2*x, -1 = -x - 2*g + 9. Suppose 4*v + 0 + x = 0. Let z(u) = -2 - 2*u - 4*u + 4*u. Calculate z(v).
8
Suppose -3*n + 2 = i, 4*n - 8 = -2*i - 2*i. Suppose n*v - v = g - 6, 4*g = -3*v + 20. Let w(c) = -1 - c**2 - 2 + 8*c - 2*c + 0. Give w(v).
5
Let b(z) be the first derivative of z**4/4 + 7*z**3/3 + 3*z**2 - z - 4. Give b(-6).
-1
Let n(z) = 2*z. Let x be n(1). Suppose -8 = -2*b + x. Let o(q) = q**2 - 7*q + 7. Give o(b).
-3
Let t(y) = 3*y**2. Suppose -4*r + 5 - 23 = 2*s, -28 = -3*s + 5*r. Calculate t(s).
3
Let u(l) be the third derivative of l**6/120 + l**5/20 + l**4/6 + 2*l**3/3 + 4*l**2. Suppose -3*w - 4 = -0*w + 5*b, 2*b - 2 = 0. Give u(w).
-8
Let c be (3 - 6)*2/(-2) + -9. Let w(p) = 3*p + 2. Give w(c).
-16
Let i be 2/4 - 5/(-10). Let n = -1 + i. Let a(x) = -x**2 - x + 1. Let f(t) = 7*t**2 + 6*t. Let k(r) = -6*a(r) - f(r). What is k(n)?
-6
Let f(r) = -r**3 + r**2 + 2*r - 5. Let t(o) = 2*o**3 - 2*o**2 - 3*o + 6. Suppose 3 = 3*u - 3. Let h(y) = u*t(y) + 3*f(y). Let l = 0 - 0. What is h(l)?
-3
Let x = 2 + 0. Let g(l) = 3*l - 8 - l**x + 7 - 5 + 4*l. Give g(5).
4
Let v(u) = -u + 2. Suppose 3*c + 0*c - 6 = 0. Let a be v(c). Let k(m) = a + m - 2 + m - 3*m. Calculate k(-1).
-1
Suppose 0 = -i - 3*i + 24. Let b(m) = i - 3*m - 4 - 8. Give b(-5).
9
Let w(u) = -2*u + 3. Suppose 0 = -3*g - 6*g + 18. Give w(g).
-1
Let q(u) be the second derivative of u**4/12 - 5*u**3/6 + u**2 + 7*u. What is q(5)?
2
Suppose y + 4*y + 35 = 0. Let f(g) = -5*g + 5. Let s(l) = -5. Let u(p) = p + 5. Let i(v) = 5*s(v) + 4*u(v). Let h(q) = y*i(q) - 6*f(q). Give h(-4).
-3
Let c(o) = 2*o**2 - 4*o. Let z be (0 + -6)*(-10)/(-15). Let w(i) = -i - 1. Let g be w(z). Give c(g).
6
Let o(b) be the second derivative of b**6/240 + b**5/40 + b**4/4 - 3*b. Let n(g) be the third derivative of o(g). Determine n(-3).
-6
Suppose -2*a - 14 = -t + a, -5*t - 4*a - 6 = 0. Suppose t*z + m = 1 + 10, 5*m - 10 = -z. Let v(p) = p - 3. Give v(z).
2
Suppose 1 = 5*v - 4. Let a(x) = 3*x + 2*x**2 - 1 - 6*x**2 - 3*x. Give a(v).
-5
Let w(l) = l**2 - l + 4. Let g be w(0). Suppose g*c + 25 = -c. Let f(z) = z**3 + 4*z**2 - 6*z - 4. Give f(c).
1
Suppose 0 = 5*w + 4*l - 60, 3*l + 2 = -5*w + 62. Suppose w = 4*k - 0*k. Let j(x) = -11*x + 5. Let h(t) = -6*t + 3. Let n(u) = k*j(u) - 5*h(u). What is n(1)?
-3
Let t = -11 + 14. Let g(y) = -2*y**t + y**3 + 1 - 6 + 6*y + 3*y**2. Suppose 3*m + m - 16 = 0. What is g(m)?
3
Let m(x) = -4*x**2 - x - 1. Let i be -7 + 8 - (2 - 0). Let g be m(i). Let h(d) = -d**2 - 6*d - 1. Give h(g).
7
Let l(r) = 0*r - 1523 - 2*r + 1527 + r. What is l(3)?
1
Let j(n) = n - 9. Let z(o) = 2*o + 2. Let q be z(3). Suppose 3*i + 5*c = 11, 0*c = 3*i - 3*c + 21. Let a = i + q. What is j(a)?
-4
Let u(j) be the third derivative of -j**6/120 - j**5/15 + j**4/4 - j**3/2 - j**2. Let o(r) = -r**2 + 4. Let q be o(3). Give u(q).
-8
Let b(o) = -o - 11. Let z(q) = q**3 + 3*q**2 - 4*q. Let y be z(-5). Let n = y - -7. Let p be (-4)/10 - n/(-5). What is b(p)?
-6
Let k(h) be the first derivative of -h**4/4 - h**3/6 + 11*h**2/2 - 5. Let u(n) be the second derivative of k(n). Determine u(2).
-13
Let i = 64 - 31. Let g be i/6 - (-1)/(-2). Suppose 0 = -4*k - 5*p - 0*p + g, -5*k = -2*p + 35. Let o(x) = x + 1. Calculate o(k).
-4
Let k be 14/112 + (-14)/(-16). Let l(q) = 7*q - 1. Calculate l(k).
6
Suppose -4*j + 2*j + 5*b = -31, 0 = 2*j - 2*b - 22. Let c(w) = 3*w**2 + 2*w + 5. Let n be c(-2). Let o = j - n. Let f(u) = -u**3 - 6*u**2 - 4*u. What is f(o)?
-5
Let u = 1 - -2. Suppose -m = 2*l, -l - u*m = l. Let q(c) = -c**2 + c - 12. Calculate q(l).
-12
Let j(d) = -4*d**3 + 8*d**2 + 7*d - 3. Let m(s) = 5*s**3 - 9*s**2 - 7*s + 3. Let g = -9 + 13. Let q(r) = g*j(r) + 3*m(r). What is q(6)?
3
Let w(b) = 6*b**2 - b - 4. Let h(x) = -11*x**2 + 3*x + 9. Let c(z) = -3*h(z) - 7*w(z). Let p be (-3)/(-2)*(-2)/(-3). Give c(p).
-10
Suppose 0 = -b + 6 + 4. Let h = b + -8. Let x(t) be the second derivative of t**4/12 + t**3/2 - t**2 - 4*t. Calculate x(h).
8
Let k(v) = -8*v - 7. Let m(c) = 14*c - 8. Let g(d) = 5*d - 3. Let h(j) = -11*g(j) + 4*m(j). Let s(w) = -4*h(w) - k(w). Determine s(-2).
-5
Let g(x) be the first derivative of 1/3*x**3 - x**2 + x - 1. Let r = -518 - -519. Determine g(r).
0
Let o(f) be the first derivative of -f**4/4 - f**2 - f - 23. Calculate o(-1).
2
Let r(n) be the second derivative of -n**4/12 - 7*n**3/6 - n**2 - 3*n. Suppose -5*u = -2*m - 20, 4*u + 2*m + 0 = -2. Suppose -u*j + 3 = 11. What is r(j)?
10
Let j(a) = -a + 6. Let w(v) = 2*v - 9. Let n(k) = 10*k - 44. Let p(i) = 3*n(i) - 14*w(i). Let z be p(5). What is j(z)?
2
Let v(y) be the third derivative of y**6/120 - 2*y**5/15 + 7*y**4/24 + 7*y**3/6 - 13*y**2. Determine v(7).
7
Let s(u) = -3*u**2 + 2*u + 7. Let c(l) = 8*l**2 - 7*l - 21. Let y(n) = 4*c(n) + 11*s(n). What is y(-5)?
-2
Let p(t) be the first derivative of t**4/4 - 2*t**3/3 - 3*t**2/2 + 2*t + 2. Let s be p(3). Let f(x) = -4 + x**3 + 0*x - 3 - x + 2*x**s + 5. Give f(-2